{"id":34,"date":"2024-10-29T13:47:22","date_gmt":"2024-10-29T12:47:22","guid":{"rendered":"http:\/\/bodensee.land\/?page_id=34"},"modified":"2025-12-13T19:43:18","modified_gmt":"2025-12-13T18:43:18","slug":"ferienwohnungen-am-bodensee","status":"publish","type":"page","link":"http:\/\/bodensee.land\/?page_id=34","title":{"rendered":"Ferienwohnungen | Bodensee"},"content":{"rendered":"<p><strong>atraveo: Ferienwohnungen und Ferienh\u00e4user f\u00fcr Ihren Traumurlaub<\/strong><br \/>\nBei atraveo beginnt der Urlaub schon mit der Planung. Ob Sie eine Ferienwohnung oder ein Ferienhaus buchen wollen \u2013 nichts macht mehr Spa\u00df, als von Zuhause aus in unserem Ferienhausmarkt im Internet nach der idealen Unterkunft f\u00fcr den perfekten Urlaub zu suchen. Einfach und \u00fcbersichtlich sind die Seiten gestaltet und machen so Lust auf Meer und Berge, auf Strand- oder Wanderurlaub, auf Ski-oder St\u00e4dtereise.<\/p>\n<p>Die Seite wird derzeit \u00fcberarbeitet und f\u00fcr die Saison 2026 optimiert.<\/p>\n","protected":false},"excerpt":{"rendered":"<p>atraveo: Ferienwohnungen und Ferienh\u00e4user f\u00fcr Ihren Traumurlaub Bei atraveo beginnt der Urlaub schon mit der Planung. Ob Sie eine Ferienwohnung oder ein Ferienhaus buchen wollen \u2013 nichts macht mehr Spa\u00df, als von Zuhause aus in unserem Ferienhausmarkt im Internet nach<\/p>\n","protected":false},"author":1,"featured_media":0,"parent":0,"menu_order":0,"comment_status":"closed","ping_status":"closed","template":"","meta":{"footnotes":""},"class_list":["post-34","page","type-page","status-publish","hentry"],"_links":{"self":[{"href":"http:\/\/bodensee.land\/index.php?rest_route=\/wp\/v2\/pages\/34","targetHints":{"allow":["GET"]}}],"collection":[{"href":"http:\/\/bodensee.land\/index.php?rest_route=\/wp\/v2\/pages"}],"about":[{"href":"http:\/\/bodensee.land\/index.php?rest_route=\/wp\/v2\/types\/page"}],"author":[{"embeddable":true,"href":"http:\/\/bodensee.land\/index.php?rest_route=\/wp\/v2\/users\/1"}],"replies":[{"embeddable":true,"href":"http:\/\/bodensee.land\/index.php?rest_route=%2Fwp%2Fv2%2Fcomments&post=34"}],"version-history":[{"count":9,"href":"http:\/\/bodensee.land\/index.php?rest_route=\/wp\/v2\/pages\/34\/revisions"}],"predecessor-version":[{"id":1288,"href":"http:\/\/bodensee.land\/index.php?rest_route=\/wp\/v2\/pages\/34\/revisions\/1288"}],"wp:attachment":[{"href":"http:\/\/bodensee.land\/index.php?rest_route=%2Fwp%2Fv2%2Fmedia&parent=34"}],"curies":[{"name":"wp","href":"https:\/\/api.w.org\/{rel}","templated":true}]}}